{"id":103,"date":"2022-03-02T20:28:23","date_gmt":"2022-03-02T19:28:23","guid":{"rendered":"https:\/\/www.adnature.be\/?page_id=103"},"modified":"2022-03-02T21:13:12","modified_gmt":"2022-03-02T20:13:12","slug":"invasives","status":"publish","type":"page","link":"https:\/\/www.adnature.be\/index.php\/invasives\/","title":{"rendered":"Lutte contre les plantes invasives"},"content":{"rendered":"\n<p>Depuis plusieurs dizaines d\u2019ann\u00e9es, les plantes invasives ont envahi diff\u00e9rents \u00e9cosyst\u00e8mes, finissant par les banaliser. Elles s\u2019appellent renou\u00e9e du Japon, balsamine de l\u2019Himalaya, berce du Caucase ou encore arbre \u00e0 papillons,&#8230; Elles ont en commun la particularit\u00e9 d\u2019\u00eatre des esp\u00e8ces introduites par l\u2019homme sur notre territoire et d\u2019y causer, malheureusement, des nuisances non n\u00e9gligeables. \u00c0 tel point d\u2019ailleurs qu\u2019elles (ainsi que leurs homologues animaux) repr\u00e9sentent la deuxi\u00e8me cause d\u2019extinction des esp\u00e8ces au niveau mondial. En raison de tous les impacts n\u00e9gatifs qu\u2019engendrent la pr\u00e9sence des dites plantes invasives, il s\u2019av\u00e8re n\u00e9cessaire de r\u00e9agir et, si pas d\u2019endiguer cette invasion, au moins tenter de la limiter. <\/p>\n\n\n\n<p>AD&amp;N n&rsquo;a pas la pr\u00e9tention de trouver une solution au fl\u00e9au que repr\u00e9sentent les plantes invasives mais essaie, par des actions cibl\u00e9es et localis\u00e9es, de prot\u00e9ger certains sites.<\/p>\n\n\n","protected":false},"excerpt":{"rendered":"<p>Depuis plusieurs dizaines d\u2019ann\u00e9es, les plantes invasives ont envahi diff\u00e9rents \u00e9cosyst\u00e8mes, finissant par les banaliser. Elles s\u2019appellent renou\u00e9e du Japon, balsamine de l\u2019Himalaya, berce du Caucase ou encore arbre \u00e0 papillons,&#8230; Elles ont en commun la particularit\u00e9 d\u2019\u00eatre des esp\u00e8ces introduites par l\u2019homme sur notre territoire et d\u2019y causer, malheureusement, des nuisances non n\u00e9gligeables. \u00c0 &hellip; <\/p>\n<p class=\"link-more\"><a href=\"https:\/\/www.adnature.be\/index.php\/invasives\/\" class=\"more-link\">Continuer la lecture<span class=\"screen-reader-text\"> de &laquo;&nbsp;Lutte contre les plantes invasives&nbsp;&raquo;<\/span><\/a><\/p>\n","protected":false},"author":7,"featured_media":0,"parent":0,"menu_order":0,"comment_status":"closed","ping_status":"closed","template":"","meta":{"footnotes":""},"class_list":["post-103","page","type-page","status-publish","hentry"],"_links":{"self":[{"href":"https:\/\/www.adnature.be\/index.php\/wp-json\/wp\/v2\/pages\/103","targetHints":{"allow":["GET"]}}],"collection":[{"href":"https:\/\/www.adnature.be\/index.php\/wp-json\/wp\/v2\/pages"}],"about":[{"href":"https:\/\/www.adnature.be\/index.php\/wp-json\/wp\/v2\/types\/page"}],"author":[{"embeddable":true,"href":"https:\/\/www.adnature.be\/index.php\/wp-json\/wp\/v2\/users\/7"}],"replies":[{"embeddable":true,"href":"https:\/\/www.adnature.be\/index.php\/wp-json\/wp\/v2\/comments?post=103"}],"version-history":[{"count":3,"href":"https:\/\/www.adnature.be\/index.php\/wp-json\/wp\/v2\/pages\/103\/revisions"}],"predecessor-version":[{"id":151,"href":"https:\/\/www.adnature.be\/index.php\/wp-json\/wp\/v2\/pages\/103\/revisions\/151"}],"wp:attachment":[{"href":"https:\/\/www.adnature.be\/index.php\/wp-json\/wp\/v2\/media?parent=103"}],"curies":[{"name":"wp","href":"https:\/\/api.w.org\/{rel}","templated":true}]}}